{"id":69,"date":"2021-12-11T09:48:36","date_gmt":"2021-12-11T09:48:36","guid":{"rendered":"https:\/\/ig3g.de\/?page_id=69"},"modified":"2022-10-09T19:17:29","modified_gmt":"2022-10-09T19:17:29","slug":"treffen","status":"publish","type":"page","link":"https:\/\/ig3g.de\/?page_id=69","title":{"rendered":"Treffen"},"content":{"rendered":"\n<p>Regelm\u00e4\u00dfige Treffen immer an jedem zweiten Sonntag eines Monats \/ 11 Uhr , nat\u00fcrlich im Gem\u00fcsegarten (<a rel=\"noreferrer noopener\" href=\"https:\/\/goo.gl\/maps\/xZ2zNaP7vJU9iB4A8\" data-type=\"URL\" data-id=\"https:\/\/goo.gl\/maps\/xZ2zNaP7vJU9iB4A8\" target=\"_blank\">Spielplatzfl\u00e4che der Nikolaus-Gro\u00df-Siedlung<\/a>).<br>Interessierte sind herzlich eingeladen &#8211; keine Voranmeldung n\u00f6tig!<\/p>\n","protected":false},"excerpt":{"rendered":"<p>Regelm\u00e4\u00dfige Treffen immer an jedem zweiten Sonntag eines Monats \/ 11 Uhr , nat\u00fcrlich im Gem\u00fcsegarten (Spielplatzfl\u00e4che der Nikolaus-Gro\u00df-Siedlung).Interessierte sind herzlich eingeladen &#8211; keine Voranmeldung n\u00f6tig!<\/p>\n","protected":false},"author":1,"featured_media":0,"parent":0,"menu_order":0,"comment_status":"closed","ping_status":"closed","template":"","meta":{"footnotes":""},"class_list":["post-69","page","type-page","status-publish","hentry","entry"],"_links":{"self":[{"href":"https:\/\/ig3g.de\/index.php?rest_route=\/wp\/v2\/pages\/69","targetHints":{"allow":["GET"]}}],"collection":[{"href":"https:\/\/ig3g.de\/index.php?rest_route=\/wp\/v2\/pages"}],"about":[{"href":"https:\/\/ig3g.de\/index.php?rest_route=\/wp\/v2\/types\/page"}],"author":[{"embeddable":true,"href":"https:\/\/ig3g.de\/index.php?rest_route=\/wp\/v2\/users\/1"}],"replies":[{"embeddable":true,"href":"https:\/\/ig3g.de\/index.php?rest_route=%2Fwp%2Fv2%2Fcomments&post=69"}],"version-history":[{"count":4,"href":"https:\/\/ig3g.de\/index.php?rest_route=\/wp\/v2\/pages\/69\/revisions"}],"predecessor-version":[{"id":135,"href":"https:\/\/ig3g.de\/index.php?rest_route=\/wp\/v2\/pages\/69\/revisions\/135"}],"wp:attachment":[{"href":"https:\/\/ig3g.de\/index.php?rest_route=%2Fwp%2Fv2%2Fmedia&parent=69"}],"curies":[{"name":"wp","href":"https:\/\/api.w.org\/{rel}","templated":true}]}}